17
Let c(d) = -2*d - 4. Suppose -18 = 4*k + 2. Let l be c(k). Suppose 3*v - l = 2*v. List the prime factors of v.
2, 3
Suppose p = -5, -4*p = -3*f - 0*f + 557. What are the prime factors of f?
179
Let c(g) be the third derivative of -g**5/60 + g**4/3 - g**3/2 + g**2. Let s be c(7). Suppose 3*v = -12, 0*n + s*v = -3*n + 17. List the prime factors of n.
11
Let g(z) = -z**3 - 2*z - 1. Let v be g(-1). Suppose 3*j = 1 + v. List the prime factors of j + 19 + (2 - 1).
3, 7
Suppose 0 = -f + 4*c + 8, 4*f - 3*f - 3*c - 9 = 0. Suppose -t - 3*j = -3*t + f, 5*t - 30 = -3*j. What are the prime factors of t?
2, 3
Suppose 3*u - 7 = 2*h - 280, 0 = 3*h - 5*u - 412. Suppose -5*f + 3*v = -h, 5*v = -4 + 14. What are the prime factors of f?
3
Let b(n) = 227*n**3 + 2*n - 2. What are the prime factors of b(1)?
227
Suppose 8 = -2*q + 4*q. Suppose 2*b - 3*y = 18, q*y + 31 = 4*b + b. Suppose -b*i = 2*f - 21, 5*f = -i + 137 - 52. What are the prime factors of f?
2, 3
Let d be ((-8)/20)/((-1)/5). Let l = d + 1. List the prime factors of l.
3
Let q(x) = 3*x + 44. What are the prime factors of q(-12)?
2
List the prime factors of -1 - -1*(3 + 241 - -3).
2, 3, 41
Suppose -18 + 5 = 4*z - 5*h, -5*z - h = -20. Suppose 3*n = 24 + z. What are the prime factors of n?
3
Suppose 0 = -4*n + n. Suppose -3*h - 57 = -3*t, n = -5*h - t - t - 116. Let d = h - -37. List the prime factors of d.
3, 5
Suppose b - 159 = -3*b - 3*x, -b + 2*x = -26. Suppose 0 = -2*i + 6*i - b. List the prime factors of i.
3
Suppose 5*l + 4*m - 396 = -33, 0 = -l - 2*m + 69. List the prime factors of l.
3, 5
Let q(j) = j**3 - 6*j**2 + 6*j. Let b = -1 - -6. Let w be q(b). Suppose 8*k - 25 = 3*k, 4*n = w*k - 1. What are the prime factors of n?
2, 3
List the prime factors of 10 - 1*(-6)/(-9)*6.
2, 3
Let g be 12/7 - 4/(-14). Suppose -g = 5*t + 38. Let r = t - -14. What are the prime factors of r?
2, 3
Let j be ((-3)/6)/((-1)/10). Suppose j*h = -5*a + 6 + 94, -h + 37 = 2*a. Let s = -10 + a. What are the prime factors of s?
7
Let x(q) = 2*q**2 - 3*q - 3. Let r(n) = 4*n**2 - 5*n - 6. Let y(k) = 3*r(k) - 5*x(k). Let h be y(4). Suppose -3*b + h = 8. What are the prime factors of b?
7
Let v(a) = 20*a**3 + 3*a + 2. Let u(m) = m**2 - m - 1. Let j(t) = -2*u(t) - v(t). Suppose 0*r - 5*r = 5. What are the prime factors of j(r)?
19
Suppose 76 = -2*z - 66. Let q = -49 - z. List the prime factors of q.
2, 11
Suppose -2*m - m + 153 = 0. What are the prime factors of m?
3, 17
Let b(h) = 2*h + 1. Let i be b(-3). Let w(d) = d**2 + 8*d. Let f be w(i). What are the prime factors of (0 - 4/6)*f?
2, 5
Let u(l) be the second derivative of -l**3 - l**2 + 7*l. List the prime factors of u(-2).
2, 5
Suppose -54 = -0*h - 2*h. Suppose -3*q - h + 126 = 0. What are the prime factors of q?
3, 11
Let u(m) = -m**3 + 3*m**2 + 4*m + 2. Suppose 5*r - 2*r = 3. Let y be (0 + -2)*(-1 - r). What are the prime factors of u(y)?
2
Let p = -25 - -28. Let v(s) = 2*s**3 - 4*s**2 + 4*s - 4. List the prime factors of v(p).
2, 13
Suppose -486 = -4*k + 1002. What are the prime factors of k?
2, 3, 31
Suppose 4*f - 5*o = 28, 0 = f + 2*o - 3 + 9. Suppose f*c + 0*n - 3*n = 70, -3*c + n + 105 = 0. Suppose 4*j = -j + c. What are the prime factors of j?
7
Suppose 3*h + 3*g - 99 = 18, 16 = -4*g. Suppose 0 = -3*x + 5*x - v - 45, -2*x - v + h = 0. What are the prime factors of x?
2, 11
Let c(v) = v**3 + 9*v**2 + 8*v - 7. List the prime factors of c(-7).
5, 7
Let z = 23 - 16. Suppose -3*f + z + 5 = 0, 4*f + 4 = 2*c. List the prime factors of c.
2, 5
Let f(q) = q**3 + 3*q**2 - 8*q - 5. Let b be f(-5). Let c = b + 45. What are the prime factors of c?
2, 3, 5
Let t(k) = -2*k**3 + k. Let w be t(-1). Let c(z) = 2*z + 35*z**2 - 3*z - 21*z**2. What are the prime factors of c(w)?
13
Suppose -h + 5*d + 15 = 0, -2*h - 3*d = -0*h - 4. List the prime factors of (-280)/(-12)*6/h.
2, 7
Let s = 184 + -49. List the prime factors of s.
3, 5
Let w be -3 - (0 - (-3 + 2)). List the prime factors of ((-26)/w)/(1/6).
3, 13
Let k(d) = -d**3 + d**2 + d + 400. List the prime factors of k(0).
2, 5
Let q(l) = l**2 + 7*l - 15. What are the prime factors of q(5)?
3, 5
Suppose -3*k + 56 = -7*k. List the prime factors of (-4)/(-3)*(-63)/k.
2, 3
Suppose -16 = -3*g - g. Suppose 3*x - g = 41. What are the prime factors of x?
3, 5
Let m(b) = 3*b**2 - 2*b - 2. Let v(o) = 2*o**2 - o - 1. Let q(t) = 4*m(t) - 5*v(t). List the prime factors of q(-2).
11
Let h = 53 + 82. What are the prime factors of h?
3, 5
Let m = -14 + 14. Suppose x = -2*f + 9, -14 = f - 3*f + 4*x. Let h = f - m. What are the prime factors of h?
5
Let i(l) = 12*l**2 + l. Suppose -8*v - 5 = -3*v, -4*k - 3*v - 7 = 0. List the prime factors of i(k).
11
Let o = 35 - 15. What are the prime factors of o?
2, 5
Let k(b) = b**3 + 6*b**2 + 3*b - 6. Let r be k(-5). Suppose -4*n = -3*f + 13 + 12, n + r = 0. Suppose -p + 32 = f*p. What are the prime factors of p?
2
Let a(t) = t**3 + 8*t**2 + 7*t + 5. Let f be a(-7). Suppose b + f*v = -4*b, -2*b + 30 = -4*v. Suppose b*z - 18 = -3. List the prime factors of z.
3
Let o be 128/22 + 4/22. Let j(p) = -p**3 + 6*p**2. Let c be j(o). Suppose 5*d - 12 - 38 = c. List the prime factors of d.
2, 5
Suppose 0 = 2*k - 4 - 0. Suppose -5*i - v + 55 = -6*v, 3*i + 4*v = -k. What are the prime factors of ((-9)/i)/(3/(-8))?
2
Let s be (-36)/8*4/1. Let t be (-2)/1 - s/3. Suppose -3*f + t = -5. List the prime factors of f.
3
Let z be ((-6)/4 + 0)*2. Let t(c) = 0 + c**3 + 5*c**2 - c - 2 + 4*c. What are the prime factors of t(z)?
7
Suppose -n + 2*b = -149, 7*n + b - 690 = 2*n. List the prime factors of n.
139
Let w(g) = -g**3 - 9*g**2 + 11*g - 4. Let x(s) = -5*s**3 - 37*s**2 + 45*s - 17. Let c(d) = 9*w(d) - 2*x(d). List the prime factors of c(6).
2
Suppose -9 - 5 = -2*o. What are the prime factors of o?
7
Suppose -3*z + 4 = -5. Suppose z - 8 = -q. Suppose -4*x = -q*r + 3*r + 26, 0 = -2*r - 2*x + 20. What are the prime factors of r?
11
Suppose 0 = -m - 2*g - 0 + 4, -2 = -2*m - g. Suppose m = f - 4*f + 30. List the prime factors of 12/f*240/18.
2
Let h = 11 + -4. Let z = 10 - h. Suppose -w + z = -0*w. List the prime factors of w.
3
Let f be 13 + (-1)/(1 + -2). Suppose -2 = -4*g + f. List the prime factors of g.
2
Suppose -11*q + 3374 = 3*q. List the prime factors of q.
241
Suppose 6 = -3*c, -v = 2*c - 0*c. Suppose -v*p = -0 - 4. List the prime factors of 68/8 - p/2.
2
Let d(u) = u**2 - u**2 + u**2 + 6 + 5*u. Let h be d(-4). What are the prime factors of ((-3)/(-5))/(h/30)?
3
Suppose 0 = 2*w + 2*s - 7*s - 235, 2 = -2*s. What are the prime factors of w?
5, 23
Suppose -7*k + 56 = -6*k. Suppose 6*v = 2*v + k. What are the prime factors of v?
2, 7
Let b be ((-6)/(-4))/((-9)/(-84)). Let t = b - 5. What are the prime factors of t?
3
Let q(g) = g**3 + 9*g**2 - 4*g - 6. Let f be q(-5). Suppose f - 19 = 5*m. List the prime factors of m.
19
Suppose v = h + 7, -5*h = 4*v + 124 - 44. Let g be 4/h - (-206)/6. Suppose u = -u + g. List the prime factors of u.
17
Suppose 0 = -4*y - a - a + 414, -4*a = 3*y - 298. What are the prime factors of y?
2, 53
Suppose -4*w = -20, -5*r - w - 4*w + 35 = 0. Suppose -r*a + 24 = a. List the prime factors of a.
2
Let d be 3 - (-2 + 8)/(-3). Suppose -4*f = -5*t + 148, 0*f + 143 = 4*t + d*f. List the prime factors of t.
2
Suppose 2*h + 11 = 123. List the prime factors of h.
2, 7
Let t(v) = v - 4. Let b be t(9). Suppose -5*s + 212 = w + 64, b*w = s - 40. List the prime factors of s.
2, 3, 5
Let c = -85 - -180. List the prime factors of c.
5, 19
Suppose 10 = -l + 3*l - p, l = -p + 11. What are the prime factors of l?
7
What are the prime factors of 2/(-9) + 8706/54?
7, 23
Let h(w) = 7*w**2 - 2*w + 4. What are the prime factors of h(2)?
2, 7
Let s(p) = p**3 + p**2 + p. Let y be s(-1). List the prime factors of (-4)/(4/(-3) - y).
2, 3
Let p = -33 - -15. Let o = p - -33. What are the prime factors of o?
3, 5
Let j = -29 + 67. What are the prime factors of j?
2, 19
Let y = 583 + -213. What are the prime factors of y?
2, 5, 37
What are the prime factors of ((-1840)/8)/(0 - 1)?
2, 5, 23
What are the prime factors of -24*1*(-8 + 4)/12?
2
Suppose 2*j - 35 = -4*g - j, -3*j = -5*g + 64. Let h = -8 + g. Suppose 5*n - h*b - 41 = 0, 0 = -3*n - 5*b + 2*b + 39. What are the prime factors of n?
2, 5
What are the prime factors of -33*(-1)